-35)/(-42)?
2, 5
Let a = -205 - -208. Suppose 5*f - a*s - 4608 = 2*f, 5*f - 4*s - 7679 = 0. List the prime factors of f.
5, 307
Suppose 6*h - 18*h - 60 = 0. What are the prime factors of 35/((-6 + 5)/h)?
5, 7
Let w = -19387 + 24728. List the prime factors of w.
7, 109
Suppose -15 = -5*h, 2*k - 3*h - 580 = -7*h. Let s = k + 304. List the prime factors of s.
2, 3, 7
List the prime factors of -2 + 156/273 + (-504101)/(-7).
23, 31, 101
Suppose -129*y + 126*y = -2*j - 10278, 3412 = y + 4*j. List the prime factors of y.
2, 107
Let g = 3870 - -15383. List the prime factors of g.
13, 1481
Let w(r) = -12770*r + 11. What are the prime factors of w(-1)?
12781
What are the prime factors of 3994/(1/1) + (-14)/(602/(-43))?
5, 17, 47
Let y(z) = 6*z**2 - 2*z - 3. Let f = -26 - -31. Suppose -2*m = 2*m - 5*a + 13, -5*m + f = -2*a. List the prime factors of y(m).
3, 5
Suppose 11096 = -4*o - 2*p, 0*o = -o - 4*p - 2767. Let j = -1862 - o. What are the prime factors of j?
11, 83
Suppose 4*r = 5*n + 81601, -62*n + 14 = -60*n. What are the prime factors of r?
3, 6803
Let d(m) be the second derivative of 13*m**3/6 + 7*m**2/2 + 16*m. Let c be d(4). Suppose 0*u - c = -3*u - 2*j, -u - 3*j = -8. What are the prime factors of u?
23
Suppose 2261*n = 2256*n + 15135. What are the prime factors of n?
3, 1009
Suppose -18315 = 17*x + 11775. Let w = 2852 + x. List the prime factors of w.
2, 541
Suppose -13 - 5 = -3*c. Suppose -5*w + 5*h + 14 + c = 0, 5*h + 8 = w. Suppose -w*n + 55 = 5*d + 2*n, 5*n = -4*d + 44. List the prime factors of d.
11
Let z = -120 - -76. Let l = z + 49. Suppose -l*n - 70 = -315. What are the prime factors of n?
7
Suppose 15*x = 13*x + 84. Let f = -42 + x. Suppose 37 = 2*g - 3*v - 33, g - 5*v - 42 = f. List the prime factors of g.
2
Let n(d) = 1555*d**2 - 110*d - 190. What are the prime factors of n(6)?
2, 5, 37, 149
Suppose 2*l = 5*n, -4*n - l - 2*l = 0. Suppose 7*r + 1642 = 4*d + 5*r, -2*d + 5*r + 833 = n. What are the prime factors of d?
409
Let m(o) = 540*o - 15. Let k be m(3). Suppose -k = -5*b + 1085. Suppose 0 = 5*f - 4*t - b, 5*f = 3*t - 6*t + 524. List the prime factors of f.
2, 53
Let z = -3164 - -3853. List the prime factors of z.
13, 53
Suppose 0 = 6*o + 4 - 28. Let u be 3 + (2/3)/(o/(-18)). List the prime factors of (-6)/9*(1107/(-6) - u).
3, 41
Let m = 80 + -82. Let h be ((-1)/m*0)/2. Suppose 4*o - 20 = h, -4*x - 218 = -3*o - 839. List the prime factors of x.
3, 53
Suppose -53*v + 40*v = -8060. What are the prime factors of v?
2, 5, 31
Suppose 0 = -3*r - 6*h + 7*h + 115033, -8*r + 306749 = 3*h. List the prime factors of r.
2, 4793
Suppose 3*i = -2*n + 27709, 3*i - 13793 - 13896 = 2*n. What are the prime factors of i?
7, 1319
List the prime factors of (((-419256)/(-9))/9)/(2/1).
2, 647
Suppose -10 = -36*d + 31*d. Let l(t) = -5*t**3 + t**2 - 2*t. Let q(o) = -o**3 - o + 1. Let r(w) = d*l(w) - 6*q(w). List the prime factors of r(-3).
2, 3, 19
Let z(h) = 2*h**3 + 16*h**2 + 16*h - 34. Let y be z(-10). Let i = y + 909. List the prime factors of i.
3, 5, 7
Let d be 16/((24/(-60))/((-14)/(-10))). Let p = d - -222. Suppose -p = -2*w - 4*j, -2*j = 2*w + 3*j - 168. List the prime factors of w.
79
Let j = 148 + -102. Let w = j + -34. Suppose 88 = 14*z - w*z. List the prime factors of z.
2, 11
Let a = -2873 - -9823. List the prime factors of a.
2, 5, 139
Suppose 120*h - 430944 = 18*h + 491136. What are the prime factors of h?
2, 5, 113
Let k(l) = -2492*l + 4623. What are the prime factors of k(-9)?
3, 71, 127
What are the prime factors of 61182/(-36)*56/(-12)?
7, 11, 103
Let a = -22287 + 45539. What are the prime factors of a?
2, 5813
Let w(p) = -2*p**3 - 7*p**2 - 19*p + 1. Let q be w(-4). Let g = q - -235. List the prime factors of g.
2, 41
Let p(c) = -9*c + 13726. List the prime factors of p(175).
29, 419
Let t = 84683 + -49893. What are the prime factors of t?
2, 5, 7, 71
Suppose -3*c = -5*b + c + 95, 5*c = -2*b + 38. Suppose 0 = -b*z + 1739 + 5538. What are the prime factors of z?
383
Let o(c) = -c**2 - 7*c - 2. Let q be o(-7). List the prime factors of 3/(7/(919 + q)).
3, 131
Suppose 91*b - 51*b = 51*b - 48510. List the prime factors of b.
2, 3, 5, 7
Suppose 15874 - 40925 = -41*c. Let u = 241 + c. What are the prime factors of u?
2, 3, 71
What are the prime factors of (-9)/(-10)*(-60)/72*-12076?
3, 3019
Let x(n) = 37*n**2 + 73*n + 9. Let c(p) = -18*p + 102. Let h be c(6). What are the prime factors of x(h)?
3, 7, 43
Let z = 19 + -16. Suppose -3*g = -t - z, -2*g - 2*t = -3*t - 1. Suppose g*u - 460 = -2*u. List the prime factors of u.
5, 23
Let o(t) = 68*t**3 - 2*t**2 + 11*t + 16. What are the prime factors of o(6)?
2, 7349
Let b be (3 + -1)/(20/30). Suppose b*v - 2*m = -m + 8, -2*m - 13 = -3*v. What are the prime factors of 21 - 1/v - 0?
2, 5
Let r = -161 - -7135. List the prime factors of r.
2, 11, 317
Suppose 44450 + 57862 = 21*i. What are the prime factors of i?
2, 3, 7, 29
Suppose -31*b + 48347 + 1047410 = 0. What are the prime factors of b?
13, 2719
Suppose 0 = 4*w - h - 29, 2*w + 5*h - 30 = -3*w. Suppose -n - 4 = -371. Suppose 0 = -w*k + 5*k + 5*a + 252, -3*k = -2*a - n. What are the prime factors of k?
11
Let g = -479 + 493. Suppose 0 = 2*q + 3 - 21. Suppose -q*a = -g*a + 855. What are the prime factors of a?
3, 19
Suppose 7*p - 3*t + 11389 = 9*p, -5*t = 2*p - 11379. List the prime factors of p.
2, 2851
Let z(s) = -34*s**2 - 331*s - 21. What are the prime factors of z(-9)?
2, 3, 17
Let j(z) = -z**2 - 5*z - 4. Let v be (0/(-1 + 6/2))/2. Let o be j(v). Let s(u) = 7*u**2 - 3*u - 3. List the prime factors of s(o).
11
Suppose -6602 = -3*o + 4*k, -5*o + 2*k = -3149 - 7831. What are the prime factors of o?
2, 1097
Suppose 0 = -6*d - 25 + 37. Suppose -4*w - 12 = 0, -666 = -3*h - 4*w + d*w. What are the prime factors of h?
2, 7
Let g(u) = 548*u - 138. Let w be g(9). Suppose 0 = -15*c + 17991 + w. What are the prime factors of c?
7, 31
Let t = 136 - 131. Suppose t*q = 701 + 1189. List the prime factors of q.
2, 3, 7
Let h = 122 - 119. Suppose -3*x - 3*w = -27, 2*w - h = 1. Suppose x*y - 504 = y. List the prime factors of y.
2, 3, 7
Suppose 0 = -12*x - 17*x. Suppose 2*i = 0, x*s + i - 3245 = -5*s. List the prime factors of s.
11, 59
Let i(y) = 3*y**2 + 48*y. Let z be i(-16). Suppose -2*g + a = -5*g + 2973, 2*a = z. What are the prime factors of g?
991
Suppose 5*j + 20494 - 6747 = 3*n, -4*n + 18318 = -j. List the prime factors of n.
19, 241
Let i = 172 - 76. Let s = i + 32. List the prime factors of s.
2
What are the prime factors of 0 + 4 - (20684/(-9) - (-14)/63)?
2, 1151
Let g = 3872 + -2538. Let w = g + -887. List the prime factors of w.
3, 149
Let w = 8319 + -6138. What are the prime factors of w?
3, 727
Let q(u) = -u**3 - 11*u**2 + 10*u + 1. Let v be q(-12). Let g = 76 - v. Suppose 0 = l + p - 24 + 7, 2*p = 3*l - g. List the prime factors of l.
17
Let g(n) = 11 - 64*n**3 + 65*n**3 + 16*n - 2*n + 18*n**2 + n. What are the prime factors of g(-8)?
3, 59
Suppose 0 = 7*y - 29 - 27. Suppose 5*c + 3*u = 7*u + 310, -5*c + 305 = -5*u. Suppose -y*d + 414 = -c. What are the prime factors of d?
2, 3, 5
Let f(y) = -y**3 - 12*y**2 + 31*y + 8. Let u be f(-14). What are the prime factors of (4/14)/(u/(-62594))?
2, 263
Suppose -2*w = -2*k + 3420, -4*w + 752 + 4378 = 3*k. Suppose 15*d - 6405 = -k. List the prime factors of d.
313
Let o(i) = 73*i - 50. Let k be o(4). Let a = k + -125. What are the prime factors of a?
3, 13
Let p be (-8)/(-5)*385/14. Let l be (-23714)/(-26) + 32/(-416). Suppose -p*z + l = -38*z. List the prime factors of z.
2, 19
Suppose 0 = 5*n + z - 18555, 0 - 15 = 3*z. List the prime factors of n.
2, 29
Let p(w) = 2*w**3 + w**2 + 6. Let q be p(5). Let g = 377 + -375. Suppose n + t - q = -n, -g*t = 5*n - 701. What are the prime factors of n?
139
Suppose 102 = 4*x + 5*f, 4*x + f - 58 - 52 = 0. Let z be (54/24 - 0)*x/1. What are the prime factors of 1 - (-5 - z) - 0/2?
3, 23
Suppose 0*y + 15*y - 60 = 0. Suppose -y*x = 8*x - 3048. List the prime factors of x.
2, 127
Suppose 0 = -3*c + k + 2102, -4*c - k + 2575 = -230. Let x = 1192 - c. What are the prime factors of x?
491
Let o(h) = 2*h - 12. Let f be o(4). Let y = f + 8. Let q(l) = 3*l**3 - l**2 - 5*l - 3. List the prime factors of q(y).
3, 17
Let l = 1 + -555. Let i = -1137 + 812. Let a = i - l. Lis